re the prime factors of 122 - -2 - (2 + q)?
2, 61
What are the prime factors of ((-736)/(-56))/(2/7)?
2, 23
Let r be 10/6*78/65. Suppose 5*z - 373 = v + r*v, 4*v + 292 = 4*z. What are the prime factors of z?
7, 11
Suppose -5*i - 3*p = -1052, -3*i + 194 = 2*p - 438. Suppose -10*j = -6*j + 4*m - 832, -j + 5*m = -i. What are the prime factors of j?
2, 13
Suppose -9*x - 9 = 27. List the prime factors of 1 + (-148)/x - -4.
2, 3, 7
Let c(y) = -4*y**3 - 2*y**2 + 2. Suppose -1 = -g + 3. Suppose 3*q - q + g = 0. List the prime factors of c(q).
2, 13
Let h(z) = -z**3 - 31*z**2 + 36*z + 104. List the prime factors of h(-33).
2, 547
Suppose 2*y + 150 = 2*l, -2*y + 5 - 85 = -l. Let h = 99 - l. What are the prime factors of h?
29
Let i(r) = 35*r**2 + 5. Let k be i(3). Suppose -c + k = 3*c. What are the prime factors of c?
2, 5
Suppose 5*h - 2582 = 1558. What are the prime factors of h?
2, 3, 23
Suppose -36 = -4*q - 4*j - 8, 0 = 2*q + 5*j - 26. Suppose -q*i = 3 + 3, 3*y = -4*i - 140. Let w = 69 + y. List the prime factors of w.
5
Let k = 193 + -125. Suppose i + 74 = 3*u + 5*i, -3*u - i + k = 0. Suppose -u = -m - m. List the prime factors of m.
11
Suppose -2*t + 1681 = -5*d, -t + 2*d + 811 = -30. List the prime factors of t.
3, 281
Suppose -2*f + 3342 = -2*y, -3*f + 2*y + 724 = -4286. What are the prime factors of f?
2, 3, 139
Let s = -308 - -305. Let x = 102 - 158. What are the prime factors of (s/(-7))/((-8)/x)?
3
Let u(q) = 8*q + 39. Let z be u(-4). Suppose -3*w - 499 = -z*w - 3*f, -2*w + 250 = 2*f. List the prime factors of w.
2, 31
Let c(d) = -5*d + 1 + 5*d - 6 + 6*d. Let k(x) = -x**2 - x + 10. Let h be k(-3). What are the prime factors of c(h)?
19
Let x(q) = 15*q**2 + 5*q - 15. Let a be x(5). Suppose 33*m - a = 28*m. What are the prime factors of m?
7, 11
Let u(c) be the second derivative of 7*c**3/6 - 5*c**2 + 5*c. Let k(j) = -j + 15. Let a be k(11). What are the prime factors of u(a)?
2, 3
Let g be (0 - -2) + (-8 - 9). What are the prime factors of 5/g + 232/3?
7, 11
Let t = 30 - -188. List the prime factors of t.
2, 109
Let a(x) = 28*x + 72. List the prime factors of a(34).
2
Let h(n) = n**2 + n + 2. Let o be (-3 - -1)/(-6)*-3. What are the prime factors of h(o)?
2
Let o(b) = -b**3 + 16*b**2 + 9*b - 43. List the prime factors of o(14).
5, 19
Let o(a) = -54*a - 65. List the prime factors of o(-9).
421
Let n(d) = -d**3 - 2*d**2 - 2. Let v be n(-4). Suppose 4*o - 3*z - 48 = 0, -18 = -o + 2*z - 1. Let j = v - o. List the prime factors of j.
3, 7
Let k(m) be the third derivative of m**4/3 - 23*m**3/6 - 8*m**2. List the prime factors of k(9).
7
Let a = -304 - -426. Let p = a - 57. What are the prime factors of p?
5, 13
Let r(u) = u + 4. Let s be r(-4). Let j = 94 - 72. Let g = j - s. List the prime factors of g.
2, 11
Suppose 0*h = z - h + 9, 2*h + 14 = -2*z. List the prime factors of (-2)/(5/(2020/z)).
101
Suppose -28 = -5*o + 47. Let s be o/(-10) - 10/4. What are the prime factors of (1 - s)/(4 + -3)?
5
Suppose -p - 4 = 4. Let z(w) = 2*w**2 + 10*w - 1. What are the prime factors of z(p)?
47
Let a(d) = -9*d + 20. Let h(j) = 27*j - 60. Let l = -23 + 16. Let q(o) = l*a(o) - 2*h(o). List the prime factors of q(9).
61
Let y(k) = 469*k + 68. List the prime factors of y(3).
5, 59
Suppose -a - 885 = -3078. What are the prime factors of a?
3, 17, 43
Let s(a) = 11*a + 8. Let z be s(-1). What are the prime factors of (-397)/z + (-5 - -2)/9?
2, 3, 11
Let p(i) = -15*i - 6 - 3 - 14. Let d(n) = -7*n - 11. Let b(g) = -9*d(g) + 4*p(g). What are the prime factors of b(4)?
19
Let n(d) = -d**3 - 17*d**2 - 7*d - 61. What are the prime factors of n(-19)?
2, 397
Let a be 675/25*1/3. Let s = 16 - a. What are the prime factors of s?
7
Suppose -8*g - 10 = -10*g. Suppose -c + g = -0*c. Suppose -4*j + 15 = s - c, 2*j - 80 = -3*s. What are the prime factors of s?
2, 7
Let g = 60 - 52. List the prime factors of 2/g + 1574/8.
197
Suppose -2*g + 0*g - 4*n = 10, 0 = 3*g - 4*n + 5. Let c(d) = -4*d**3 - 3. What are the prime factors of c(g)?
3, 5, 7
Let m = 542 - 459. List the prime factors of m.
83
Let a(k) = -k**2 + k + 3. Let c be a(0). Suppose -2*t - 41 = -5*g + c, -3*g = -2*t - 28. Suppose g = s - 0*s. List the prime factors of s.
2
Let f = 1301 - -350. List the prime factors of f.
13, 127
Let i = 23 + -19. Let k be 73*4/16*4. Suppose -5*z = 4*x - k - 14, -i*x + z = -93. What are the prime factors of x?
23
Let h be ((-24)/14)/((-5)/((-140)/(-8))). Suppose 5*i - n = 13, 5*n = -3*i + n + 17. Suppose -9 - h = -i*l. What are the prime factors of l?
5
Suppose -m + 0*m - 3952 = -3*i, 0 = -2*i - 3*m + 2620. What are the prime factors of i?
2, 7, 47
Let b be (1790/(-56) + 8/(-28))*-28. Let w = -627 + b. What are the prime factors of w?
2, 3, 23
Let i = 1214 - 797. List the prime factors of i.
3, 139
Let m be (-1)/((-3)/(17 - 2)). Suppose 3*b - 7 = m. Suppose -2*p + 12 = w, -w + b*p + 18 = -24. List the prime factors of w.
2, 11
Let t = -14 + 19. Let d(l) = -t*l + 3*l + 3 - l + 0*l**2 + 4*l**2. What are the prime factors of d(3)?
2, 3, 5
Suppose 5*f + 4*w = 792, -f + 2*w = -68 - 96. What are the prime factors of f?
2, 5
Let o(p) = -4*p + 10. Let d be o(6). Let f = -10 - d. Suppose 2*z - 3*s - f = 0, 0 = s + 3*s - 16. What are the prime factors of z?
2
Suppose -4*j + 553 + 167 = 0. Let w = -109 + j. List the prime factors of w.
71
Let s be ((-77826)/(-27))/7 - 2/(-9). Let y = s + -236. List the prime factors of y.
2, 11
Suppose -6*a + x = -2*a - 12, -4*a - 3*x + 12 = 0. Suppose 4*o = 5*s + 143, o = 4*s - a*s + 37. Let q = o + -13. List the prime factors of q.
29
Let m be (35/2)/(-1)*(-24)/14. Let c = 111 - m. List the prime factors of c.
3
Suppose 3*o + 9 = -21. Let v = o + 14. Suppose -3*h - h + 176 = 2*p, -v*h - 3*p = -176. List the prime factors of h.
2, 11
Suppose 0 = -19*b + 11*b + 16. Let r(v) = 17*v**2 + 7*v - 5. What are the prime factors of r(b)?
7, 11
Let b be 15/(3 + 0)*-321. List the prime factors of -4 - b/(-30)*-2*1.
103
Let f be 7/(-9) + 1 + 5994/(-729). Let d = -7 + -5. Let z = f - d. List the prime factors of z.
2
Let z(h) = 145*h - 25. What are the prime factors of z(5)?
2, 5, 7
Let o(t) = t**2 + 9 + 8*t - 1 + 4. Let s be o(-5). Let u(i) = 3*i**2 - i + 1. List the prime factors of u(s).
31
Let p(s) = -18*s + 22. Suppose -k = 31 - 26. List the prime factors of p(k).
2, 7
Let r be -2*(-5)/10*537. Suppose -4*n + 7*n - r = 0. What are the prime factors of n?
179
Let y(f) = 2*f**2 - 13*f + 17. List the prime factors of y(9).
2, 31
Suppose 1152 = -0*w + 6*w. Suppose -2*f + w = 3*n - 0*n, 0 = -2*n + 5*f + 128. What are the prime factors of n?
2
Let w(c) = -c + 9. Let y be w(5). Let v(z) = 2*z + 1. Let i be v(1). Let u = y + i. What are the prime factors of u?
7
Suppose 0 = -15*m + 8388 + 2817. What are the prime factors of m?
3, 83
Suppose 5044 = 3*k - 7*l, 5*k - l - 7266 = 1194. List the prime factors of k.
1693
Let d(r) = -r - 11. Let n be d(-14). What are the prime factors of (2 + (-230)/(-15))*n?
2, 13
What are the prime factors of (130/6)/((-20)/(-120))?
2, 5, 13
Let m be (-2)/6 - (-6)/18. Suppose -r + 2*a - 1 + 5 = m, -2*r + 1 = 3*a. List the prime factors of (r + -4)*(-5 - 0).
2, 5
Let t = 975 - 689. Suppose 5*a - 369 = t. What are the prime factors of a?
131
Let c(v) = 61*v - 16. Let a be c(4). Suppose 0 = 2*y - 5*y + a. What are the prime factors of y?
2, 19
Suppose 6435 = 8*j - 5709. What are the prime factors of j?
2, 3, 11, 23
Let t = -10 + 6. Let f be t + 2 + 0 - 4. What are the prime factors of (2 - (-3 - f)) + 16?
3, 5
Let s be 2 + 0 + 0 + 2. What are the prime factors of -5 - ((-20)/s + -11)?
11
Let m(y) = -y**2 + 33*y - 70. List the prime factors of m(24).
2, 73
Let a(l) = 6*l**2 + 19*l + 8. Let j be a(-4). Let u(x) = -3*x**2 + 1. Let h be u(1). List the prime factors of (h + 12)/(7/j).
2, 5
Let h = 6 + -8. Let n = h + 49. What are the prime factors of n?
47
Suppose 4*b - 94 = 5*u - 2*u, 5*b + 146 = -4*u. Let g = u - -160. List the prime factors of g.
2, 3, 7
Let y(b) = 5*b + 187. List the prime factors of y(-16).
107
Let t = -58 + 89. Suppose 0 = 3*s + t - 202. List the prime factors of s.
3, 19
Suppose -36*p = -30*p - 24. Suppose -821 = -4*m - b - p*b, -5*m + 2*b = -1051. List the prime factors of m.
11, 19
Let q(p) = 8*p**3 + 9*p - 4. What are the prime fact